prime factors of 856924090.
2, 5, 11, 7790219
List the prime factors of 269432746.
2, 11, 12246943
List the prime factors of 1534420817.
157, 9773381
What are the prime factors of 391497194?
2, 11, 1617757
What are the prime factors of 109106380?
2, 5, 5455319
What are the prime factors of 3158293428?
2, 3, 937, 93629
List the prime factors of 358128860.
2, 5, 23, 778541
What are the prime factors of 104167179?
3, 11574131
What are the prime factors of 666938042?
2, 333469021
List the prime factors of 413979819.
3, 11, 12544843
What are the prime factors of 307036018?
2, 153518009
What are the prime factors of 100832354?
2, 7, 19, 71, 281
List the prime factors of 423553644.
2, 3, 241, 16273
List the prime factors of 2137991833.
2161, 989353
What are the prime factors of 5045563?
113, 44651
List the prime factors of 33434837.
33434837
What are the prime factors of 351413481?
3, 23, 5092949
List the prime factors of 205249632.
2, 3, 7, 43633
What are the prime factors of 13007410?
2, 5, 13, 100057
List the prime factors of 350563422.
2, 3, 11, 5311567
List the prime factors of 2081732186.
2, 1489, 699037
What are the prime factors of 2858193?
3, 13, 17, 479
List the prime factors of 485779949.
67, 1117, 6491
List the prime factors of 61059229.
7, 11, 107, 7411
What are the prime factors of 232432248?
2, 3, 107, 90511
List the prime factors of 152178651.
3, 16908739
What are the prime factors of 106856343?
3, 11, 1079357
List the prime factors of 786110077.
23, 151, 1499
What are the prime factors of 11085330?
2, 3, 5, 223, 1657
List the prime factors of 427883540.
2, 5, 7, 17, 37, 43, 113
List the prime factors of 636647387.
636647387
What are the prime factors of 43787928?
2, 3, 157, 11621
List the prime factors of 217789698.
2, 3, 7, 181, 28649
What are the prime factors of 2543523447?
3, 847841149
What are the prime factors of 5770601?
5770601
List the prime factors of 2680551369.
3, 19, 31, 505669
What are the prime factors of 5100859282?
2, 17, 19, 41, 192587
What are the prime factors of 19462540?
2, 5, 251, 3877
What are the prime factors of 2740703103?
3, 239, 787, 1619
List the prime factors of 428577268.
2, 7, 1103, 13877
What are the prime factors of 61857476?
2, 15464369
What are the prime factors of 462595785?
3, 5, 30839719
List the prime factors of 4691164184.
2, 7, 83770789
List the prime factors of 1158161823.
3, 7, 13, 311, 4547
List the prime factors of 2209449699.
3, 245494411
List the prime factors of 1826869205.
5, 7, 7456609
What are the prime factors of 3291853276?
2, 17, 1699, 28493
What are the prime factors of 1214175389?
7, 173453627
List the prime factors of 104753855.
5, 20950771
What are the prime factors of 983003324?
2, 245750831
List the prime factors of 1567389821.
107, 3643, 4021
List the prime factors of 6253012.
2, 1563253
List the prime factors of 2026700041.
71, 28545071
What are the prime factors of 24643684?
2, 13, 19, 24943
What are the prime factors of 280903225?
5, 11236129
What are the prime factors of 355419715?
5, 7, 179, 56731
List the prime factors of 97583619.
3, 7, 191, 24329
List the prime factors of 211643952.
2, 3, 13, 339173
List the prime factors of 1451724.
2, 3, 120977
List the prime factors of 585047083.
9337, 62659
What are the prime factors of 315092702?
2, 6389, 24659
List the prime factors of 893087390.
2, 5, 13, 2437, 2819
What are the prime factors of 739745356?
2, 7, 107, 5039
What are the prime factors of 201461145?
3, 5, 181, 74203
What are the prime factors of 7409835177?
3, 17387, 142057
What are the prime factors of 137087985?
3, 5, 797, 11467
What are the prime factors of 217823938?
2, 23, 571, 8293
List the prime factors of 1721499228.
2, 3, 71, 673513
What are the prime factors of 54111414?
2, 3, 7, 1288367
List the prime factors of 253762477.
253762477
What are the prime factors of 541414327?
97, 5581591
What are the prime factors of 313470944?
2, 9795967
List the prime factors of 1040880823.
197, 2081, 2539
List the prime factors of 3665555063.
34739, 105517
List the prime factors of 110108900.
2, 5, 11, 31, 3229
What are the prime factors of 102160326?
2, 3, 17026721
List the prime factors of 7105447071.
3, 789494119
What are the prime factors of 540871003?
540871003
List the prime factors of 1826755154.
2, 7, 43, 569, 5333
List the prime factors of 1429195356.
2, 3, 31, 109, 379
List the prime factors of 6885443173.
7, 17, 313, 184859
What are the prime factors of 3857714114?
2, 1928857057
What are the prime factors of 85445985?
3, 5, 5696399
What are the prime factors of 72692438?
2, 7, 13, 399409
What are the prime factors of 2301881246?
2, 7, 43, 3823723
What are the prime factors of 166090546?
2, 59, 1407547
What are the prime factors of 424225446?
2, 3, 17, 983, 4231
List the prime factors of 490358005.
5, 98071601
List the prime factors of 378015926.
2, 189007963
What are the prime factors of 83736734?
2, 67, 103, 6067
What are the prime factors of 3453929035?
5, 690785807
What are the prime factors of 25297579?
271, 277, 337
What are the prime factors of 587931173?
53, 11093041
What are the prime factors of 29930835?
3, 5, 11, 181399
List the prime factors of 188710.
2, 5, 113, 167
List the prime factors of 192038554.
2, 971, 98887
List the prime factors of 397803187.
67, 5937361
List the prime factors of 110141846.
2, 55070923
List the prime factors of 91651823.
91651823
List the prime factors of 478406796.
2, 3, 7, 47, 2473
List the prime factors of 8706925.
5, 59, 5903
What are the prime factors of 5081341134?
2, 3, 59, 521, 27551
What are the prime factors of 3976293583?
3976293583
What are the prime factors of 151728083?
13, 37, 331, 953
List the prime factors of 3205354868.
2, 801338717
List the prime factors of 60382511.
7, 347, 24859
List the prime factors of 625156012.
2, 13, 19, 48673
List the prime factors of 883565699.
157, 1327, 4241
What are the prime factors of 7008856802?
2, 359, 9761639
List the prime factors of 2531258.
2, 41, 30869
List the prime factors of 318874167.
3, 223, 158881
List the prime factors of 6293182508.
2, 19, 83, 997651
List the prime factors of 47657992.
2, 5957249
What are the prime factors of 9253576?
2, 17, 68041
List the prime factors of 1091437185.
3, 5, 29, 241, 359
What are the prime factors of 51649619?
7, 19, 271, 1433
List the prime factors of 243867670.
2, 5, 29, 840923
List the prime factors of 392872479.
3, 251, 521743
What are the prime factors of 374857360?
2, 5, 37, 126641
What are the prime factors of 7038412?
2, 43, 151, 271
What are the prime factors of 174417806?
2, 53, 59, 167
What are the prime factors of 20097815?
5, 769, 5227
List the prime factors of 497283019.
497283019
List the prime factors of 2290964954.
2, 41, 27938597
List the prime factors of 3019425265.
5, 31, 1609, 12107
List the prime factors of 676584287.
676584287
What are the prime factors of 224902988?
2, 56225747
What are the prime factors of 204922839?
3, 11, 101, 61483
What are the prime factors of 1198436344?
2, 7, 23, 887, 1049
List the prime factors of 81536907.
3, 593, 45833
List the prime factors of 14858129.
11, 13, 103903
What are the prime factors of 162642207?
3, 7, 13, 757, 787
List the prime factors of 2513932216.
2, 71, 1579, 2803
List the prime factors of 1281292997.
1281292997
List the prime factors of 543757534.
2, 271878767
What are the prime factors of 534385167?
3, 53, 353, 9521
What are the prime factors of 123629553?
3, 1451, 9467
What are the prime factors of 13026377?
7, 13, 43, 3329
List the prime factors of 84461810.
2, 5, 863, 9787
What are the prime factors of 2310645494?
2, 73, 15826339
List the prime factors of 3780999087.
3, 17, 103, 719779
List the prime factors of 527358307.
7, 75336901
What are the prime factors of 20243798?
2, 29, 43, 8117
List the prime factors of 2511530881.
37, 113, 600701
What are the prime factors of 476916751?
476916751
List the prime factors of 4372863009.
3, 73, 19967411
List the prime factors of 1103301566.
2, 551650783
What are the prime factors of 576934927?
101, 419, 13633
What are the prime factors of 8614164?
2, 3, 13, 55219
What are the prime factors of 267262841?
307, 379, 2297
What are the prime factors of 276872856?
2, 3, 13, 401, 2213
What are the prime facto